d be l(7). Suppose -76 = -c + d. Is c prime?
False
Suppose -7*p + p + 570 = 0. Is p a prime number?
False
Suppose -3510 = -4*j + 6*d - 7*d, 5*d - 10 = 0. Is j composite?
False
Suppose 7*k = 2*k + 700. Let w = k - 7. Is w prime?
False
Suppose -4*o - 18 = 2*y + 498, 2*y - 508 = 4*o. Let q = o + -8. Let f = -53 - q. Is f composite?
False
Let z be -4*(-2 - (2 + -5)). Suppose -g + 111 = 3*j + 2*g, -2*j - 3*g = -70. Is 2 + -3 - j*z a prime number?
True
Let v = -2 + 3. Let x = 1 + v. Suppose 3*d = -5*t + 17 + 72, 3*d - 32 = -x*t. Is t composite?
False
Suppose -2*w + 635 = 5*x, x = 5*x + w - 508. Is x prime?
True
Let b = 8 - 5. Suppose -2*y - 2*c + 428 = 0, 0 = -0*y - b*y + 2*c + 627. Is y prime?
True
Suppose 2*c - c = 541. Is c prime?
True
Let l be ((-2)/3)/((-4)/6). Let u = 1 + l. Is u/4*11*6 prime?
False
Suppose -4*a + 173 + 50 = 3*u, -a + 2*u + 53 = 0. Is a a prime number?
False
Let j(d) be the third derivative of -d**6/6 + d**4/12 + d**3/6 + 2*d**2. Is j(-1) composite?
False
Suppose 3*t - 8 = -23. Let f(q) = -18*q - 7. Is f(t) a composite number?
False
Let m(v) be the second derivative of -v**4/12 - 11*v**3/6 - v**2/2 - v. Let l(k) = k**3 - k**2 - 2*k. Let b be l(-2). Is m(b) composite?
False
Let d(z) = -z**2 + 2*z - 2. Let t be d(3). Let r = t - -3. Is -2*(75/r - -3) prime?
False
Is 894/15*(-6)/((-24)/10) composite?
False
Suppose -3*q - 45 = 2*q. Let j = q - -43. Is j a composite number?
True
Suppose -4*o - 8 = 0, 0*q - 2*o = 4*q - 4544. Is q prime?
False
Let o(a) = -a - a - a + 3 + 14*a**2. Is o(2) composite?
False
Suppose 3*s - 4 = s. Let c be (24/30)/(s/10). Is c/(-6) + (-8)/(-3) composite?
False
Let z = 15 + -13. Is 2275/6 - z/12 prime?
True
Let d(l) = 2*l + 4. Let u be d(0). Suppose p + 1563 = u*p. Is p a prime number?
True
Suppose -2*d + 9 = d - 3*q, -d - 3*q + 3 = 0. Suppose h - j - 594 = -d*h, 4*h + 4*j - 604 = 0. Is h a composite number?
False
Suppose 5*r - 4*g = 32 + 8, g + 13 = 2*r. Suppose j - 162 = -2*j + 2*q, -2*q - 214 = -r*j. Suppose -j = -4*v + 4. Is v a composite number?
True
Suppose 0*t + 2*t + 5*o - 416 = 0, -o + 2 = 0. Is t composite?
True
Suppose -2*h = 3 + 27. Let k = 18 - 29. Let o = k - h. Is o prime?
False
Suppose 0 = -2*b + 10 - 0. Suppose 0 = b*o - 633 - 697. Suppose -4*s + o = -178. Is s composite?
True
Let v(o) = -8*o + 3 - 2*o + 0*o. Let q be v(4). Let i = q + 126. Is i composite?
False
Suppose 3*p + 7*s = 3*s + 10, 0 = 2*p + 4*s. Suppose 5*t = 175 + p. Is t composite?
False
Suppose -u - 5*g + 877 = 0, 4*u - 4*g = -g + 3508. Is u a prime number?
True
Let n = 57 + -31. Let i = n - 4. Is i a prime number?
False
Suppose 0 = -3*z + 1179 + 2490. Is z prime?
True
Let n = -33 - -14. Let r = n + 10. Is 1*(-22)/6*r composite?
True
Let q(c) = 144*c - 70. Is q(11) a composite number?
True
Let c(y) = -5*y**3 - 8*y**2 + 7*y - 5. Let k(d) = d**3. Let w(q) = -c(q) - 4*k(q). Let r(h) = -h**2 + 5*h + 8. Let t be r(7). Is w(t) prime?
False
Is ((-1)/2)/((-1)/2786) prime?
False
Suppose 14 + 34 = -3*t. Suppose 4*k + 3 = 3*k. Let r = k - t. Is r a prime number?
True
Let v be 4/(-10) + 17/5. Suppose -5 = -5*x + 5*d, -v*d + 15 = 5*x + 2*d. Suppose -406 = -x*p + 2*j + j, 5*p - 1061 = -4*j. Is p prime?
False
Let f(w) = w**3 - w - 1. Is f(5) a prime number?
False
Let s(r) = r**3 + r**2 + 3*r - 4. Is s(7) a composite number?
False
Let r = -48 + 249. Is r composite?
True
Let p = 1151 - 54. Is p prime?
True
Let n(j) = j**2 - 1. Let q(g) = -3*g**2 - 8*g + 14. Let s(p) = 2*n(p) + q(p). Let h be s(-9). Suppose -204 = -h*k - k. Is k composite?
True
Let l(i) = 81*i - 4. Let q be l(4). Let w = -524 - -337. Let p = w + q. Is p composite?
True
Let p be 23 - 0/(1 - 0). Suppose -s + 14 + p = 0. Is s a composite number?
False
Suppose -2*i + 0 = 3*r - 5, -r - 5*i = 20. Suppose -3*j = o - 361, 0 = -2*j - 4*o + r*o + 234. Is j prime?
False
Let f be 1/5 + (-396)/(-20). Suppose -h = -2*r - 25 - f, 0 = 5*h + 4*r - 295. Is h composite?
True
Let u = -15 - -11. Let d(f) = -4*f**3 - 4*f**2 - 4*f + 3. Is d(u) composite?
False
Let h be (-6)/(-2) - 0 - 434. Let y = -304 - h. Is y prime?
True
Suppose 0*n - 5*n = -4*a - 4369, 2635 = 3*n + a. Is n a prime number?
True
Is (148/16)/(-2 - (-75)/36) prime?
False
Suppose y = -3*d - 47, 0 = y - 3*y - 4. Is (d/9 + 0)*-111 a prime number?
False
Let r(s) = 340*s**2 - s + 3. Is r(2) a composite number?
False
Let s = 559 + 76. Is s a prime number?
False
Let b = 10114 + -7220. Is b composite?
True
Let z = 736 - 147. Is z prime?
False
Suppose 0*f = -f + 2*x + 859, 2*f - 1723 = 3*x. Is f composite?
True
Suppose -63 = -h + 6. Is h prime?
False
Suppose 2*g + 5*i - 139 = 0, -3*g + 4*g - 64 = 3*i. Is g a prime number?
True
Let j = 405 - 260. Is j composite?
True
Let d(k) be the second derivative of -197*k**5/10 - k**4/12 - k**3/6 + k**2/2 - 6*k. Is d(-1) a prime number?
False
Let s be (1/(-1))/(3/18). Let d be (-788)/(-4) - s/(-3). Let w = d + -74. Is w a prime number?
False
Let i(c) = -c**3 - 6*c**2 - 2*c - 9. Let n be i(-6). Is (1/n)/(7/2373) a prime number?
True
Let x be ((-6)/9)/(1/(-3)). Suppose 5*j = x*j + 96. Suppose 0 = 3*v - 43 - j. Is v a composite number?
True
Let d(o) = -o**2 + 7*o - 5. Let n(h) = -h**3 + 8*h**2 - 5*h - 7. Let k be n(7). Let t be d(k). Is (28/10)/((-1)/t) composite?
True
Let w(c) = c**2 + 12*c + 2. Let k be w(-12). Suppose t = -t + k*h + 764, -2*h - 10 = 0. Is t composite?
True
Suppose -116 = -2*o - 34. Suppose n - 34 = -2*z + o, -n + 5 = 0. Is z a composite number?
True
Let a be 1 - (-5)/(20/(-8)). Let c(m) = m**2 + m - 39*m**3 + 0*m - 48*m**3. Is c(a) composite?
True
Let o(j) = -j**3 - 3*j**2 - 3*j + 3. Let x be o(-4). Let q = 126 + x. Is q a prime number?
True
Is (-45)/(-12) + (-1)/(-4) + 1023 a composite number?
True
Let q = 512 - 171. Is q composite?
True
Let r(y) = -y**2 + 2. Let s be r(0). Let j = 3 + 0. Suppose 135 = a - s*p, -3*p = a - j*a + 268. Is a prime?
True
Let r be ((-6)/2*43)/(-1). Let n = r + 92. Is n prime?
False
Suppose 0*g + 172 = -2*g. Let y = g - -247. Is y a prime number?
False
Is (-2)/(-9) - ((-1852)/9 - 3) a composite number?
True
Let x(k) = 54*k**3 - k. Suppose 12 = 3*c, 4*l + 2*c - 20 = -2*c. Is x(l) prime?
True
Is 3 + -3 - -3 - -288 a prime number?
False
Let i(o) = -2*o + 7. Let j = 10 - 10. Is i(j) composite?
False
Suppose -2751 = -9*t + 4*t - d, -16 = 4*d. Is t a composite number?
True
Let i(h) = -7*h**3 + h**2 + 2. Let z be i(2). Let w = z - -108. Let t = w - -133. Is t composite?
False
Let c(o) = o**2 + 3. Suppose -3*y + 4 = -4*b + 14, -5*b - 5*y = -30. Is c(b) a composite number?
False
Let l be 10*5/((-25)/(-16)). Suppose -21 - l = -a. Is a a composite number?
False
Let c(m) = 38*m**2 - 2*m + 1. Let j = 9 - 8. Is c(j) composite?
False
Is (6/(-18))/((-1)/561) a prime number?
False
Let w(b) = -11*b - 12. Let g(y) = 11*y + 11. Let a(v) = 6*g(v) + 5*w(v). Let d be -1*(3/1 + -10). Is a(d) prime?
True
Let g(t) = 9*t**2 + 1. Let l be g(-1). Let j be -24*(-3)/(24/l). Suppose 3*p - 87 = -j. Is p a composite number?
False
Let p be ((-4)/6)/(3/(-18)). Let v be (p/2 - -114)/1. Is (2 + -1)*-1 + v a composite number?
True
Suppose 3187 + 994 = x. Is x a composite number?
True
Is -2*44/(-8)*13 a composite number?
True
Let f(b) = 12*b + 2. Let l be f(3). Suppose 0*w - 2*w + l = 0. Is w a prime number?
True
Let g = -8 + 10. Suppose g*l + 3*v - 256 = 5*v, 0 = -5*l + v + 644. Is l a composite number?
True
Let n be (0*(-1)/4)/1. Let o(v) = v**2 + v + 365. Is o(n) a prime number?
False
Let w = 73 - -29. Suppose -4*r + 5*k + 411 = 0, -2*r + w = -r - 2*k. Is ((-1)/2)/((-2)/r) prime?
False
Suppose 1 = 4*w - u, 3*w = -5*u + 2*u - 3. Suppose -8 = -2*s - w. Suppose 3*r + 2*r + 3*d - 1328 = 0, s*r - d = 1059. Is r composite?
True
Let c be -3 + (-183 - (-2)/1). Let x = c + 375. Is x prime?
True
Let a(i) = 22*i**2 + 10*i - 6. Let z be a(-5). Let w = z + -3. Is w composite?
False
Let o = -1426 + 981. Let i = o - -623. Is i composite?
True
Suppose 5*r - 6 = -2*q, -2*r = -10*q + 5*q - 14. Suppose 0*s - r*s - 2*v = -228, -198 = -2*s + 4*v. Is s prime?
True
Let f(v) = -v**3 + 7*v**2 + v - 7. Let b be f(7). Suppose b = -4*x + 5*x - 11. Is x composite?
False
Suppose -14*i - 790 = -3380. Is i a composite number?
True
Let k(w) = w**2 + 11*w + 7. Suppose 2*t + 2*t = -24. Let y be k(t). Let v = -13 - y. Is v comp